at is -1403c + 8?
-14034
In base 11, what is -490 + 1072?
692
In base 4, what is -2320012 - 10?
-2320022
In base 3, what is 1010212221000 + -2?
1010212220221
In base 6, what is -21042 + 12?
-21030
In base 15, what is 394 + 97?
43b
In base 6, what is 531534 - 45?
531445
In base 11, what is 26 - a46?
-a20
In base 11, what is 1412578 - 1?
1412577
In base 8, what is 3 - 365040?
-365035
In base 6, what is -332 + 15230?
14454
In base 8, what is -6 + 16377?
16371
In base 14, what is -1 + 45455?
45454
In base 12, what is 109a9 - 34?
10975
In base 8, what is -1417 - -773?
-424
In base 6, what is -2313 - 333?
-3050
In base 6, what is 10011032 + 5?
10011041
In base 5, what is 113 + -3034122?
-3034004
In base 8, what is -13 + 42776?
42763
In base 13, what is -1585c - 36?
-15895
In base 10, what is 262 + -144?
118
In base 14, what is 5b - -1d1?
24c
In base 13, what is -2 + 912b?
9129
In base 4, what is -223 + -11100232?
-11101121
In base 5, what is 40 - -204413?
210003
In base 14, what is -2c - -37c3?
3795
In base 12, what is -1436 - 7?
-1441
In base 8, what is -363 + -14?
-377
In base 7, what is 2 - 1450040?
-1450035
In base 3, what is 12121101 - 1000?
12120101
In base 3, what is 12 - -22210201?
22210220
In base 16, what is -40e4 + 35?
-40af
In base 9, what is -367242 + -1?
-367243
In base 2, what is -111 + 11011010010?
11011001011
In base 15, what is 124 + -2?
122
In base 10, what is 24 + 92855?
92879
In base 6, what is -3 - -102150?
102143
In base 15, what is 4759a6 + -1?
4759a5
In base 14, what is -5 + -3bdc1?
-3bdc6
In base 14, what is -218 + 59?
-19d
In base 14, what is -2 - -3d4?
3d2
In base 14, what is -1d4 + ac?
-126
In base 7, what is -26 + 2402?
2343
In base 11, what is 591969 - -1?
59196a
In base 9, what is 1530 - 133?
1386
In base 14, what is 5 - 1d23?
-1d1c
In base 16, what is -29ae + -19?
-29c7
In base 9, what is 3 + 12226?
12230
In base 7, what is 121446 + -5?
121441
In base 14, what is 36 - 473?
-43b
In base 14, what is 4 + -4018c?
-40188
In base 3, what is -120222 - -120100?
-122
In base 9, what is 220 + 12008?
12228
In base 6, what is 4 - 111115515?
-111115511
In base 4, what is 2 + -233221?
-233213
In base 6, what is 52 + 4013443?
4013535
In base 11, what is 30 - 55424?
-553a4
In base 6, what is -1 - 341501?
-341502
In base 8, what is -25 + -160543?
-160570
In base 13, what is -21b - -72b?
510
In base 15, what is -1a + 78d?
773
In base 3, what is -1012201202 + 20?
-1012201112
In base 8, what is 236 - 21577?
-21341
In base 3, what is 11 - -2212200022?
2212200110
In base 14, what is 5 + 240b?
2412
In base 10, what is 120001 + -2?
119999
In base 5, what is -310202043 - 10?
-310202103
In base 9, what is -1 + 142?
141
In base 15, what is 84 - 22a1?
-221c
In base 7, what is -6335265 + -1?
-6335266
In base 15, what is 8 + -1648?
-1640
In base 14, what is b319 - -3?
b31c
In base 8, what is -273522 + 0?
-273522
In base 8, what is -5 - -205142?
205135
In base 14, what is -d0b - -2?
-d09
In base 12, what is -b17 + 45?
-a92
In base 11, what is 510 - 74?
447
In base 10, what is -685614 - 4?
-685618
In base 4, what is 1000002011 - -1?
1000002012
In base 2, what is -110110011011111111 - 101?
-110110011100000100
In base 13, what is -39 - -1c82?
1c46
In base 8, what is -27 + -155061?
-155110
In base 12, what is 12118 - -58?
12174
In base 6, what is 13 + 30415?
30432
In base 9, what is -141 + -1646?
-1787
In base 5, what is -1 - 123443110?
-123443111
In base 4, what is 12101323 + 22?
12102011
In base 6, what is 2 + -234330?
-234324
In base 2, what is -110110100100 - -10?
-110110100010
In base 3, what is -220 + 1122000?
1121010
In base 13, what is -160a51 + 2?
-160a4c
In base 11, what is -5 - 9aa7a?
-9aa84
In base 7, what is 330226 + 1?
330230
In base 7, what is -2313645 - 3?
-2313651
In base 3, what is -110220 + 10001?
-100212
In base 15, what is -207a5 + 0?
-207a5
In base 16, what is -2 + -fc0bb?
-fc0bd
In base 8, what is 2 - 15171?
-15167
In base 9, what is -185 - -2284?
2088
In base 10, what is 52936 - -5?
52941
In base 13, what is 3 - -32b76?
32b79
In base 3, what is -20 + 2021202100?
2021202010
In base 2, what is 1 - -1100111101011010?
1100111101011011
In base 15, what is -1 + 2a5e?
2a5d
In base 15, what is 5 + a4?
a9
In base 5, what is 411 - -10321?
11232
In base 12, what is -563a4 - -2?
-563a2
In base 2, what is 10 - -1111011011000?
1111011011010
In base 7, what is 431164 - 3?
431161
In base 3, what is -2 + -212020201?
-212020210
In base 15, what is -3 + c979?
c976
In base 11, what is 19a23 - 0?
19a23
In base 6, what is -30 + 1350532?
1350502
In base 16, what is -e + 1e68?
1e5a
In base 11, what is 454 + -785?
-331
In base 12, what is 52 + 19b?
231
In base 12, what is 0 + -135aa?
-135aa
In base 16, what is 1 + 3aba?
3abb
In base 5, what is 4123122 - -10?
4123132
In base 7, what is 2322010 + -4?
2322003
In base 6, what is -45214320 - 2?
-45214322
In base 15, what is 1b + -1?
1a
In base 14, what is 13c + -41?
db
In base 3, what is 10 + 11022212000?
11022212010
In base 11, what is -a - -19248?
19239
In base 10, what is -8 - -48419?
48411
In base 8, what is 1035653 - -14?
1035667
In base 6, what is -3 + -14221?
-14224
In base 14, what is -14 + 56b6?
56a2
In base 13, what is -20 + -14c3?
-1513
In base 5, what is 24 + 332414?
332443
In base 13, what is -5703 - 11?
-5714
In base 12, what is 46 - 4a4?
-45a
In base 12, what is a870 + -16?
a856
In base 16, what is 5d - -7742?
779f
In base 3, what is -101 + 11202000?
11201122
In base 16, what is 1c012 + 1?
1c013
In base 4, what is -10002223 - 11?
-10002300
In base 3, what is 220 - -11202?
12122
In base 6, what is 10 - 140543?
-140533
In base 2, what is 10 - 111110100100000110?
-111110100100000100
In base 3, what is -2001110121 - -1020?
-2001102101
In base 3, what is -100 + -212121221?
-212122021
In base 14, what is 555 + -36a?
1c9
In base 9, what is 386 + 16?
413
In base 6, what is -212 - -3211?
2555
In base 14, what is -1d0 + -4cd?
-6bd
In base 13, what is -40 + -2aa3c?
-2aa7c
In base 4, what is -130033110211 - 10?
-130033110221
In base 9, what is 3788 + 23?
3822
In base 16, what is -1c6dc2 + 5?
-1c6dbd
In base 7, what is -15221 - 14?
-15235
In base 13, what is -3147 + -38?
-3182
In base 15, what is 3d + 186?
1c4
In base 6, what is 22523 + 311?
23234
In base 13, what is 23 - -cb4?
1007
In base 6, what is 1132131 + 3?
1132134
In base 8, what is 6410 - 5?
6403
In base 9, what is 13 - 2253?
-2240
In base 16, what is -5 - 385f2?
-385f7
In base 9, what is -1458 - -616?
-742
In base 10, what is 0 - 2632?
-2632
In base 8, what is -1 - 512245?
-512246
In base 3, what is 120112012 + 1021?
120120110
In base 13, what is 1 - -8957?
8958
In base 14, what is 94 - 201?
-14b
In base 3, what is 11220 + -1222?
2221
In base 14, what is 2 + -2248?
-2246
In base 9, what is -16 - 21387?
-21414
In base 5, what is 21 - -441133?
441204
In base 5, what is -10320 + -222?
-11042
In base 9, what is -36 - 146?
-183
In base 2, what is -10000000111010 - -110?
-10000000110100
In base 11, what is 46 + -570?
-525
In base 3, what is 1012222022 + 2?
1012222101
In base 9, what is -21228 - 2?
-21231
In base 6, what is 15 - 253451?
-253432
In base 10, what is 1248750 + 1?
1248751
In base 10, what is -6 + 29877?
29871
In base 15, what is 4 + -531?
-52c
In base 15, what is 59aa - -1?
59ab
In base 6, what is -4225534 - 3?
-4225541
In base 5, what is -1101 + -2403?
-4004
In base 16, what is 67d5d + 0?
67d5d
In base 10, what is -24670 - -4?
-24666
In base 15, what is -e10e - -1?
-e10d
In base 5, what is 12431122 + -1?
12431121
In base 11, what is 2669 - 21a?
244a
In base 9, what is -1443 + 187?
-1245
In base 15, what is -20aa51 + 5?
-20aa4b
In base 7, what is 3002 + -5216?
-2214
In base 2, what is 1000010 + -11000011110100?
-11000010110010
In base 9, what is 7864 + -17?
7846
In base 9, what is 125 - 732?
-606
In base 16, what is -2bc7 - -32?
-2b95
In base 14, what is 3 + -5c7b?
-5c78
In base 8, what is -10 + 552?
542
In base 3, what is -11 - 221212?
-222000
In base 6, what is -110242 + 14?
-110224
In base 7, what is 1002 + 24315?
25320
In base 13, what is 235 + 414?
649
In base 8, what is -37142 - -330?
-36612
In base 13, what is 25a - -449?
6a6
In base 4, what is 122333101 - -3?
122333110
In base 2, what is -11101011 - 110011010010?
-110110111101